et g(f) = -f**2 - 25*f + 66. Give g(-23).
112
Let q(h) = 85*h - 503. Calculate q(6).
7
Let k(n) = -106*n + 4679. Calculate k(45).
-91
Let c(w) = -w**2 + 14*w + 183. Calculate c(22).
7
Let t(j) = j**2 - 163*j - 163. What is t(-1)?
1
Let l(i) = 2*i**3 - 58*i**2 + 17*i - 491. Give l(29).
2
Let g(r) = -10*r**2 + 151*r - 39. What is g(15)?
-24
Let c(x) = x**3 - 9*x**2 + 12*x + 25. What is c(9)?
133
Let r(k) = 149*k - 15046. Determine r(101).
3
Let i(z) = z**3 + 19*z**2 + 64*z - 15. Determine i(-15).
-75
Let n(m) = m**2 + 28*m + 259. Calculate n(-22).
127
Let z(p) = p**3 + 11*p**2 + 13*p + 170. What is z(-11)?
27
Let q(c) = 1238*c - 13616. Calculate q(11).
2
Let m(u) = u**3 - 32*u**2 + 27*u - 3222. Calculate m(34).
8
Let f(t) = -28*t - 175. Give f(-5).
-35
Let q(i) = -20*i - 95. What is q(-8)?
65
Let a(g) = -g**2 + 19*g - 17. Determine a(12).
67
Let h(n) = -83*n + 6579. Give h(80).
-61
Let d(n) = -28*n - 3281. Determine d(-106).
-313
Let q(n) = 9*n**2 + 56*n - 453. Calculate q(-11).
20
Let w(t) = -t**3 - 14*t**2 + 27*t + 352. Calculate w(-15).
172
Let r(v) = -1045*v - 74190. Give r(-71).
5
Let z(l) = -50*l**2 - 389*l + 70. Determine z(-8).
-18
Let b(t) = -25*t**2 - 16*t - 16. Calculate b(-1).
-25
Let o(r) = -r**3 + 13*r**2 + 45*r + 50. Calculate o(16).
2
Let q(b) = -b**3 - 17*b**2 - 33*b - 14. Calculate q(-14).
-140
Let r(i) = -i**2 - 152*i - 3937. Determine r(-31).
-186
Let f(t) = -12*t**2 - 72*t + 77. Give f(-7).
-7
Let s(f) = f**3 + 30*f**2 + 56*f - 22. Give s(-28).
-22
Let u(k) = -k**3 - 22*k**2 - 40*k + 22. Calculate u(-20).
22
Let i(h) = -7*h**2 - 53*h + 2. Calculate i(-8).
-22
Let a(d) = d**2 - 62*d - 79. Determine a(63).
-16
Let t(v) = -2*v**2 - 44*v - 21. Calculate t(-22).
-21
Let u(y) = 17*y - 10. What is u(1)?
7
Let k(z) = -9502*z + 57017. What is k(6)?
5
Let a(n) = 2*n**2 - 40*n + 52. Give a(19).
14
Let d(s) = -72*s + 10. Calculate d(2).
-134
Let a(n) = 11*n**2 - 159*n + 567. What is a(7)?
-7
Let a(r) = 30*r + 259. What is a(-13)?
-131
Let i(l) = -2*l**2 - 336*l + 3564. Calculate i(-178).
4
Let k(i) = -6*i**2 + 240*i - 222. Calculate k(39).
12
Let s(y) = -54*y**2 - 1461*y - 61. Give s(-27).
20
Let n(z) = -z**2 - 22*z - 22. Determine n(-10).
98
Let t(m) = -19*m + 658. Calculate t(34).
12
Let n(m) = -m**3 - 56*m**2 - 790*m - 188. Give n(-29).
15
Let j(a) = -7*a**2 + 7*a + 32. Determine j(6).
-178
Let g(r) = 39*r**2 + 19*r - 21. Give g(1).
37
Let y(p) = 2*p**2 + 2*p - 17. Calculate y(-4).
7
Let g(f) = -2*f**2 - 21*f - 21. Calculate g(-8).
19
Let g(d) = 2*d**2 - 63*d - 926. Calculate g(42).
-44
Let o(g) = 16*g**2 - 33*g - 233. Determine o(-3).
10
Let w(f) = -f**3 - 246*f**2 - 2587*f - 474. Give w(-235).
-4
Let p(k) = -2*k**2 - 78*k + 120. What is p(-41)?
-44
Let i(w) = -2240*w + 13446. Give i(6).
6
Let a(b) = -232*b + 202. What is a(3)?
-494
Let f(i) = -i**2 + 41*i + 15. What is f(39)?
93
Let a(d) = 13*d**2 - 143*d - 547. Determine a(-3).
-1
Let t(d) = d**3 - 22*d**2 - 58*d + 278. Determine t(24).
38
Let n(p) = -p**3 + 62*p**2 - 759*p - 118. Give n(17).
-16
Let v(y) = 127*y - 240. Calculate v(2).
14
Let w(f) = 1919*f**2 + 71002*f - 34. Calculate w(-37).
3
Let a(j) = -j**3 - 17*j**2 - 27*j + 4. What is a(-5)?
-161
Let z(o) = -o**2 - 28*o - 48. Calculate z(-25).
27
Let p(c) = -c**3 - 15*c**2 + 158*c + 2023. Calculate p(-12).
-305
Let q(x) = x**2 - 16*x - 423. Determine q(28).
-87
Let b(x) = 465*x - 63696. Give b(137).
9
Let d(m) = 29*m - 93. Calculate d(4).
23
Let a(s) = 118*s + 17. Give a(-1).
-101
Let l(u) = -u**3 - 6*u**2 + 9*u + 62. Calculate l(-5).
-8
Let q(y) = -138*y - 565. What is q(-4)?
-13
Let i(x) = 3*x**3 - 70*x**2 + 94*x - 3400. Determine i(24).
8
Let l(y) = 11*y**3 + 31*y**2 - 7*y - 16. What is l(-3)?
-13
Let m(v) = v**3 + 4*v**2 - 39*v - 114. Give m(-6).
48
Let x(a) = -137*a - 1108. Give x(-8).
-12
Let f(d) = -d**3 + 14*d**2 + 88*d + 6. Determine f(19).
-127
Let d(c) = -c**3 - 98*c**2 + 844*c - 434. Calculate d(-106).
-10
Let v(z) = -2*z**2 - 69*z - 162. Give v(-34).
-128
Let g(y) = -y**2 - 102*y - 1313. What is g(-15)?
-8
Let r(i) = -7*i**3 - 66*i**2 + 12*i - 14. Calculate r(-10).
266
Let f(y) = 25*y - 1170. What is f(42)?
-120
Let l(m) = m**3 - 5*m**2 - 11*m - 45. Calculate l(9).
180
Let y(l) = -3*l**2 - 25*l + 313. Determine y(-18).
-209
Let a(o) = -2*o**2 - 101*o + 12401. Determine a(-108).
-19
Let h(i) = -2*i**3 + 33*i**2 - 149*i + 2809. Determine h(17).
-13
Let z(t) = -27*t - 452. Determine z(-28).
304
Let h(k) = -8*k - 100. Calculate h(-23).
84
Let x(i) = -i**3 + 65*i**2 + 67*i - 71. Give x(66).
-5
Let b(o) = 6*o**3 - o**2 + 3. Calculate b(2).
47
Let t(a) = a**3 - 60*a**2 - 2698*a + 67. Give t(-30).
7
Let u(x) = -1597*x + 7994. Calculate u(5).
9
Let x(p) = -4*p**2 + 23*p - 20. Give x(2).
10
Let r(h) = 20*h**3 + 2*h**2 - 7*h + 9. What is r(2)?
163
Let j(r) = 15*r + 695. Determine j(-47).
-10
Let u(t) = -t**2 + 12*t - 64. Calculate u(7).
-29
Let v(p) = -p**3 - 5*p**2 - 10*p - 22. What is v(-5)?
28
Let z(t) = -t**3 - 28*t**2 - 99*t - 49. What is z(-24)?
23
Let j(p) = -10*p**2 + 95*p + 159. Determine j(11).
-6
Let h(g) = -g**3 + 2*g**2 + 131*g - 131. What is h(1)?
1
Let y(s) = 2*s**3 + 10*s**2 + 13*s + 17. What is y(-5)?
-48
Let y(z) = 84*z + 4148. What is y(-50)?
-52
Let r(w) = w**3 + 2*w**2 - 384*w + 2013. What is r(6)?
-3
Let o(t) = t**3 + 99*t**2 + 1193*t + 237. Calculate o(-85).
-18
Let z(o) = o**2 - 9*o - 38. What is z(-3)?
-2
Let s(n) = 54*n**2 - 131*n - 88. Give s(3).
5
Let q(g) = -5*g + 391. Give q(36).
211
Let k(u) = 377*u + 1882. Give k(-5).
-3
Let x(v) = 3*v**3 + 25*v**2 + 400*v + 3134. Determine x(-8).
-2
Let a(z) = -2*z**2 - 16*z + 4958. Calculate a(-54).
-10
Let v(c) = -6*c**2 - 9*c + 6. What is v(3)?
-75
Let p(v) = -54*v - 119. Give p(-2).
-11
Let j(s) = -21*s**2 + 434*s + 1123. Determine j(23).
-4
Let j(d) = d**3 - 85*d**2 + 49*d + 2965. What is j(84)?
25
Let i(b) = 5*b**2 + 281*b + 35. Calculate i(-56).
-21
Let n(g) = g**3 + 3*g**2 - 5*g - 21. What is n(0)?
-21
Let b(o) = 917*o - 4567. Determine b(5).
18
Let v(b) = 9*b**3 + 4*b**2 + 10*b + 14. Determine v(-2).
-62
Let q(h) = -3*h - 237. Calculate q(-72).
-21
Let r(p) = -44*p - 35. Give r(-2).
53
Let m(f) = -f - 28. What is m(4)?
-32
Let l(t) = -t**3 + 21*t**2 - 6*t - 265. Calculate l(20).
15
Let p(w) = 8*w**2 - 9618*w + 9617. What is p(1)?
7
Let i(t) = -t**3 + 27*t**2 - 168*t - 77. Calculate i(12).
67
Let z(n) = n**3 + 55*n**2 - 62*n - 162. Give z(-56).
174
Let m(q) = 2*q**3 - 10*q**2 - 64*q + 14. Give m(-4).
-18
Let c(v) = -66*v**2 - 9*v + 6. What is c(1)?
-69
Let c(u) = -u**2 + 84*u - 530. Determine c(7).
9
Let n(o) = -117*o - 1209. Give n(-9).
-156
Let f(b) = 24*b**2 + 82*b + 28. Calculate f(-3).
-2
Let x(g) = g**2 + g - 29. What is x(-10)?
61
Let l(c) = -772*c + 5421. Give l(7).
17
Let c(m) = -746*m + 7399. Calculate c(10).
-61
Let g(i) = 2*i**3 - 18*i**2 - 5*i - 120. Determine g(11).
309
Let n(s) = 4*s**3 + 13*s**2 - 11*s + 9. What is n(-4)?
5
Let g(c) = 19*c + 645. Give g(-28).
113
Let m(r) = 24*r - 722. Calculate m(32).
46
Let l(c) = -2*c**3 + 70*c**2 + 144*c - 2573. What is l(36)?
19
Let t(l) = -l**3 + 7*l**2 + 245*l - 758. What is t(3)?
13
Let u(w) = -684*w - 129272. What is u(-189)?
4
Let s(t) = -10*t**3 + 3*t - 3. What is s(1)?
-10
Let v(j) = 115*j - 1606. Give v(14).
4
Let p(x) = 7*x**2 + 7*x - 47. Give p(4).
93
Let z(v) = -26*v**2 + 31*v - 9. Calculate z(4).
-301
Let l(n) = n**3 - 22*n**2 - 77*n + 28. What is l(25)?
-22
Let z(g) = -103*g - 1326. Determine z(-13).
13
Let q(x) = -x**3 + 6*x**2 - 1538*x + 7677. Calculate q(5).
12
Let q(b) = 2*b**2 + 67*b + 231. What is q(-28)?
-77
Let m(y) = 69*y - 2579. Determine m(37).
-26
Let h(t) = -117*t - 3973. Calculate h(-34).
5
Let h(o) = 2*o**2 + 37*o - 18. Determine h(-20).
42
Let b(p) = -p**2 + 21*p + 349. Determine b(32).
-3
Let i(y) = 51*y + 188. Calculate i(-4).
-16
Let m(d) = 279*d + 6046. Give m(-22).
-92
Let a(x) = -x**3 + 8*x**2 - 17*x - 3. Determine a(4).
-7
Let p(i) = 15*i - 11. Calculate p(-14).
-221
Let l(a) = -a**3 + 40*a**2 - 86*a + 381. Determine l(38).
1
Let k(q) = -5*q**2 + 124*q + 36. What is k(25)?
11
Let c(t) = -t + 15. Determine c(-2).
17
Let d(r) = -r**3 + 17*r**2 - 23*r + 29. Determine d(16).
-83
Let m(y) = 34*y**2 - 1903*y - 63. Calculate m(56).
-7
Let p(j) = j**3 - 20*j**2 -